{"id":1832,"date":"2025-02-12T00:00:33","date_gmt":"2025-02-12T00:00:33","guid":{"rendered":"https:\/\/aisointernational.com\/?page_id=1832"},"modified":"2025-02-12T00:04:02","modified_gmt":"2025-02-12T00:04:02","slug":"malta","status":"publish","type":"page","link":"https:\/\/aisointernational.com\/?page_id=1832","title":{"rendered":"Malta"},"content":{"rendered":"\n<p>Malta es un destino atractivo para estudiar&nbsp;por su educaci\u00f3n de calidad, su costo de vida accesible, y su ambiente cultural.&nbsp;<\/p>\n\n\n\n<p><strong>Otros beneficios\u00a0<\/strong><\/p>\n\n\n\n<ul class=\"wp-block-list\">\n<li>Malta tiene un clima c\u00e1lido durante la mayor parte del a\u00f1o.<\/li>\n\n\n\n<li>La isla est\u00e1 bien conectada con las capitales de Europa.<\/li>\n\n\n\n<li>Malta es conocida por su hospitalidad.<\/li>\n\n\n\n<li>Malta ofrece un ritmo de vida m\u00e1s tranquilo.<\/li>\n<\/ul>\n\n\n\n<p><strong><u>Sistema Eduactivo<\/u><\/strong><\/p>\n\n\n\n<ul class=\"wp-block-list\">\n<li>Educaci\u00f3n de calidad, Malta tiene instituciones de educaci\u00f3n superior de alta calidad que ofrecen programas de grado, maestr\u00eda y doctorado.\u00a0<\/li>\n\n\n\n<li>Los certificados obtenidos en Malta son reconocidos internacionalmente.\u00a0<\/li>\n\n\n\n<li>Malta es m\u00e1s asequible que otros pa\u00edses donde se puede estudiar ingl\u00e9s, como Reino Unido o Irlanda.\u00a0<\/li>\n<\/ul>\n\n\n\n<p><strong><u>Ambiente Estudiantil<\/u><\/strong><\/p>\n\n\n\n<ul class=\"wp-block-list\">\n<li>Costo de vida accesible<\/li>\n\n\n\n<li>Los estudiantes internacionales pueden trabajar a tiempo parcial y ganar entre 6 y 12 euros por hora.\u00a0<\/li>\n\n\n\n<li>Ambiente cultural. Malta es una isla con una rica diversidad cultural, monumentos hist\u00f3ricos y paisajes pintorescos.<\/li>\n\n\n\n<li>La lengua maltesa es una mezcla de influencias sicilianas y \u00e1rabes.<\/li>\n\n\n\n<li>La isla est\u00e1 bien conectada con las capitales de Europa.<\/li>\n<\/ul>\n","protected":false},"excerpt":{"rendered":"<p>Malta es un destino atractivo para estudiar&nbsp;por su educaci\u00f3n de calidad, su costo de vida accesible, y su ambiente cultural.&nbsp; Otros beneficios\u00a0 Sistema Eduactivo Ambiente Estudiantil<\/p>\n","protected":false},"author":1,"featured_media":1815,"parent":0,"menu_order":0,"comment_status":"closed","ping_status":"closed","template":"","meta":{"footnotes":""},"class_list":["post-1832","page","type-page","status-publish","has-post-thumbnail","hentry"],"_links":{"self":[{"href":"https:\/\/aisointernational.com\/index.php?rest_route=\/wp\/v2\/pages\/1832","targetHints":{"allow":["GET"]}}],"collection":[{"href":"https:\/\/aisointernational.com\/index.php?rest_route=\/wp\/v2\/pages"}],"about":[{"href":"https:\/\/aisointernational.com\/index.php?rest_route=\/wp\/v2\/types\/page"}],"author":[{"embeddable":true,"href":"https:\/\/aisointernational.com\/index.php?rest_route=\/wp\/v2\/users\/1"}],"replies":[{"embeddable":true,"href":"https:\/\/aisointernational.com\/index.php?rest_route=%2Fwp%2Fv2%2Fcomments&post=1832"}],"version-history":[{"count":1,"href":"https:\/\/aisointernational.com\/index.php?rest_route=\/wp\/v2\/pages\/1832\/revisions"}],"predecessor-version":[{"id":1833,"href":"https:\/\/aisointernational.com\/index.php?rest_route=\/wp\/v2\/pages\/1832\/revisions\/1833"}],"wp:featuredmedia":[{"embeddable":true,"href":"https:\/\/aisointernational.com\/index.php?rest_route=\/wp\/v2\/media\/1815"}],"wp:attachment":[{"href":"https:\/\/aisointernational.com\/index.php?rest_route=%2Fwp%2Fv2%2Fmedia&parent=1832"}],"curies":[{"name":"wp","href":"https:\/\/api.w.org\/{rel}","templated":true}]}}